 + 54. List the prime factors of m.
2, 3
Suppose -c = -3*d + 220, -2*d - 240 = -5*d - 3*c. List the prime factors of 5/(d/5)*2*69.
2, 23
Let a(c) = -13*c - 355. List the prime factors of a(-37).
2, 3, 7
Let z(o) = -o**2 - 14*o - 6. Let h be z(-12). Suppose 0 = m - 60 + h. List the prime factors of m.
2, 3, 7
Suppose 2*p + 12 = 6*p. Let j(m) = 0 + 3*m**2 - 1 + m**2 - p*m. What are the prime factors of j(3)?
2, 13
Let u = -11 - -13. Suppose -u*j + 0*k + 106 = -4*k, 126 = 2*j + k. List the prime factors of j.
61
Let o(w) be the third derivative of 1/6*w**3 + 1/30*w**5 + 0*w - 1/12*w**4 + 0 - 5*w**2. What are the prime factors of o(5)?
41
Let h(q) = 7*q**2 - 21*q. Let c be h(7). What are the prime factors of (-8)/c*-7 - 1088/(-14)?
2, 3, 13
Let v(f) = -f**2 + 4*f - 6. Let p be v(3). Let g be (3 - (0 - p)) + 0. Suppose -4*j + 38 = -2*j - 2*w, -2*w + 10 = g. List the prime factors of j.
2, 3
Let r be 30*-1*(-13 - -12). Let i = r + -13. What are the prime factors of i?
17
Let j be 28/(-7) + -1 + 1. What are the prime factors of (-31)/j - (-30)/(-40)?
7
Suppose 4*u + 97 = -u + y, 4*y = -u - 11. Let w(s) = s**2 + 18*s - 8. What are the prime factors of w(u)?
11
Let m = -91 - -855. List the prime factors of m.
2, 191
Suppose -5785 = -3*n - j, n = 3*j + 661 + 1274. List the prime factors of n.
3, 643
Suppose 6*w + 1560 = 11*w + y, 0 = 4*w + 4*y - 1232. List the prime factors of w.
313
Suppose -12*s - 2 = -13*s. Let n(l) = 20*l + 3. List the prime factors of n(s).
43
Let w(s) = -s**2 - 2 + 14*s - 26*s - 13*s**3 + 11*s. List the prime factors of w(-2).
2, 5
Suppose 19 = -2*k + 5*b, 2*k - 5*b + 2*b + 9 = 0. What are the prime factors of 3*k + (-33)/(-11)?
2, 3
Let r = -172 + 355. Let p = -129 + r. What are the prime factors of p?
2, 3
Let w be (-1 - 19/(-4))/((-6)/(-72)). Suppose 4*p + w = 281. List the prime factors of p.
59
Suppose 91*o - 339956 = -92618. What are the prime factors of o?
2, 3, 151
Let a(w) = 11*w + 35. Let g be a(-3). Suppose 2*l = 2*s + 3 + 13, 3*l = 2*s + 22. List the prime factors of (7*l)/(3/g).
2, 7
Let h be (6 + -70)*(-1)/2. Let f = 50 - h. List the prime factors of 4 + 2 + f*3.
2, 3, 5
Let i be 13/((-39)/(-72)) - 4. Let c(b) = 8*b - 2. List the prime factors of c(i).
2, 79
Let i be (1/1)/(10/(-1900)). Let q = -123 - i. What are the prime factors of q?
67
Let k be 24/6 + 14/(-2). List the prime factors of k/(-6)*146/1.
73
Suppose -93*z = -76*z - 24242. List the prime factors of z.
2, 23, 31
Suppose 60 = 9*r - 6*r. Suppose 4*t = -4*d + 8*t + r, -2*d + 4*t = -10. List the prime factors of (16/20)/(1/d).
2
Suppose 15*q - 3808 = 1862. List the prime factors of q.
2, 3, 7
Let c = -6 + 12. Let v(m) = m**3 - 6*m**2 - m - 1. Let i be v(c). Let t = -5 - i. List the prime factors of t.
2
Let k be 2*6/4 + 0. Let i be ((-3)/(-21))/(5/10)*14. Suppose -i*q = 5*m - 13, 0 = k*q - 5*m - 0*m - 1. What are the prime factors of q?
2
Suppose 0 = 4*a + 428 - 120. Let v = a + 121. List the prime factors of v.
2, 11
Suppose -m - 5*y - 572 = -2*m, 3*y = 12. List the prime factors of m.
2, 37
Let u = 2542 + -2129. What are the prime factors of u?
7, 59
What are the prime factors of (-12)/(1 + (-5 - (-421)/106))?
2, 53
Let u be 85/((2 - 3)/(-3 - -2)). Suppose -6*s + s = -u. List the prime factors of s.
17
Suppose 3*c - 19 = 11. Let l = c + 17. List the prime factors of l.
3
Let d(o) be the third derivative of o**5/60 + 11*o**4/24 - 10*o**3/3 + 8*o**2. List the prime factors of d(-19).
2, 3, 11
Suppose -17*k = -10531 - 2899. List the prime factors of k.
2, 5, 79
Suppose -5*i + b + 9 = 0, 0 = i - 2*i - 3*b + 5. Suppose -5*s = 3*n - 367, -15 = -5*s + i*s. What are the prime factors of n?
2, 3, 19
List the prime factors of 2/(4578/11420 - (-28)/(-70)).
2, 571
Let b = -7 + 9. Suppose 0 = m - b - 28. Suppose -2*o - m = -3*o. List the prime factors of o.
2, 3, 5
Suppose 67*u - 58144 = 44*u. List the prime factors of u.
2, 79
What are the prime factors of 22060/35 + (-10)/35?
2, 3, 5, 7
Suppose b = -5*o + 282 - 80, 10 = -5*o. What are the prime factors of b?
2, 53
Let k = 2131 + -556. What are the prime factors of k?
3, 5, 7
Let s be (-6 - -2)/(1 + 1). Let l(r) = -r**2 + 2*r + 3. Let v be l(s). Let m(u) = -11*u - 13. List the prime factors of m(v).
2, 3, 7
Let a = 3613 + -2530. List the prime factors of a.
3, 19
Suppose 0 = -14*k + 10*k. Suppose 3*v - 3*q - 36 = 0, 0 = 4*v + 2*q - k*q - 24. Suppose v = 2*c - 46. List the prime factors of c.
3
Let d = -27 - -39. Let k(u) = u - 9. Let m be k(d). Suppose -4*n + 341 = -0*n - m*a, 0 = -5*n - 2*a + 409. What are the prime factors of n?
83
Let a be 0/((1 - 3) + 4). Suppose -5*h = -3*n - 238, 4*h + a*h + 2*n = 186. What are the prime factors of h?
47
What are the prime factors of (-15)/(-120) + 7678/16?
2, 3, 5
What are the prime factors of -61*(-2)/1 + 4 + -5?
11
Let v = -2251 + 3688. What are the prime factors of v?
3, 479
List the prime factors of 6928/32 + (9/(-6))/(-1).
2, 109
Let f = -176 + 22. Let c = 339 + f. List the prime factors of c.
5, 37
Suppose -5*s = -3*v - 67, -16 = 5*s + 3*v - 89. Suppose 3*r - s = 31. List the prime factors of r.
3, 5
Suppose -15 = -f - 2*f, r + 4*f - 203 = 0. Let u be ((-9)/(-15))/(48/320). Suppose u*k - r = 45. List the prime factors of k.
3, 19
Let j be (-14)/(-7) - (-3 + 1). Suppose -j*u = -1 - 15. Suppose i = -i + 3*o + 6, 0 = -2*o + u. What are the prime factors of i?
2, 3
Suppose 3*l = 4*d - 8, 7*l - 4*l - 8 = -4*d. Suppose l*o - o = -5. Suppose 5*n + 105 - 10 = 4*x, o*x = -4*n + 88. List the prime factors of x.
2, 5
Suppose 0 = 5*i - 6*i + 2. Let w = i + 0. Suppose -5*q + 220 = 3*a, -2*a - 115 = -3*q - w. What are the prime factors of q?
41
Let b(m) = -m**3 - 3*m**2 - 23*m + 45. List the prime factors of b(-11).
2, 3, 211
Suppose -133 - 33 = -2*c. Let u be 122 + (-5 - (0 - 3)). Let b = u - c. What are the prime factors of b?
37
Let z(m) = -4447*m**3 - m**2 - 26*m - 25. What are the prime factors of z(-1)?
4447
Suppose -5*c = -0*k - 2*k - 30, 5*k = -c - 21. Suppose t - 5*l - 9 = 0, -c*t + 3*l = -0*t - 87. List the prime factors of t + (-12)/(-3) + -8.
2, 5
Let m(z) = -z**3 + 42*z + 2211. What are the prime factors of m(0)?
3, 11, 67
Let b(s) = 2*s - 17 + 27 - 19*s**2 + s**3 + 2*s + 22. What are the prime factors of b(19)?
2, 3
Suppose 4*t - 3*t = 670. Suppose 5*d - 2*k - t = 3*k, -3*d + 2*k = -401. What are the prime factors of d?
7, 19
What are the prime factors of 11 - 6 - (3 - 85)?
3, 29
Let n = 6273 - 3245. What are the prime factors of n?
2, 757
Let s(j) = j + 20. Let d be s(-16). Suppose 0 = 4*f + 5*l - 498, -f + d*l = 3*f - 516. List the prime factors of f.
127
Let i = -6 + 629. What are the prime factors of i?
7, 89
Let a(m) = -4*m**3 + m**2 + 3*m - 2. Let q(x) = x**3 - 1. Let j(u) = -a(u) - 5*q(u). Let f be j(-5). What are the prime factors of f/10 + 2/(-10)?
2, 3
Let j(k) = k**3 - 8*k**2 - 7*k - 12. Let d be j(9). Suppose -33 = -3*f + d. List the prime factors of f.
13
Let x(f) = 33*f**2 + 6 - 5*f**2 - 34*f + 20*f**2 + 39*f. List the prime factors of x(-2).
2, 47
Let f be (2/(-5))/(8/120). List the prime factors of (51/f)/(1/(-12)).
2, 3, 17
Let n be (-1 + 8/(-4))*-1 + 240. Let j = n - 109. What are the prime factors of j?
2, 67
Suppose 9*c - 52 = 5*c. Let t = -11 + c. List the prime factors of t.
2
Suppose 5*m - 14 = -4*p, -5 = -5*m + 6*p - p. Suppose 0*l - m*l = -36. List the prime factors of l.
2, 3
Let h(r) = r + 11. Let p be h(-15). Let w be (p/(-8))/((-2)/(-380)). Suppose w = 5*v + 5*o, -4*v + 3*o + 37 + 18 = 0. List the prime factors of v.
2
Let x = -63 - -101. Suppose -3*p + 2*j + x + 0 = 0, -5*p + j = -61. What are the prime factors of p?
2, 3
Let a = -26 + 28. Suppose -i + a*b - 208 = -4*i, 2*i - b = 127. What are the prime factors of i?
2, 3, 11
Suppose -4*w + 4*i + 3316 = 0, 3*i = -0*i + 12. List the prime factors of w.
7, 17
Suppose 3245 = -14*r + 3*r. Let w = r - -414. What are the prime factors of w?
7, 17
Let r be 48/18*(-9)/(-6). Let c(l) = 2*l**3 + 3*l**2 - 2*l + 11. What are the prime factors of c(r)?
179
Let h(x) = x**2 + x + 4. Let k be (-3 - -1)*(-10)/(-4). Let u be h(k). What are the prime factors of u + 6/(-2) + 5?
2, 13
Let w be 152 - 1 - (-2 - -1). Let i(a) = a**2 + 12*a + 31. Let r be i(-9). Suppose 0*p - r*p = -w. What are the prime factors